housands digit of 12364728?
6
What is the millions digit of 8213039?
8
What is the millions digit of 2637804?
2
What is the hundreds digit of 77809?
8
What is the units digit of 85882?
2
What is the units digit of 13031660?
0
What is the hundreds digit of 1909290?
2
What is the hundreds digit of 350523?
5
What is the units digit of 403324?
4
What is the hundred thousands digit of 1432648?
4
What is the hundreds digit of 8380540?
5
What is the hundred thousands digit of 1686799?
6
What is the hundred thousands digit of 7571170?
5
What is the millions digit of 28706696?
8
What is the units digit of 63585?
5
What is the tens digit of 303331?
3
What is the millions digit of 2525362?
2
What is the units digit of 20652?
2
What is the hundreds digit of 5813395?
3
What is the hundreds digit of 236861?
8
What is the millions digit of 7776464?
7
What is the thousands digit of 1144504?
4
What is the tens digit of 248356?
5
What is the millions digit of 9398698?
9
What is the hundred thousands digit of 127874?
1
What is the units digit of 1562544?
4
What is the hundred thousands digit of 555645?
5
What is the thousands digit of 2775191?
5
What is the hundred thousands digit of 198118?
1
What is the ten thousands digit of 148117?
4
What is the hundreds digit of 146505?
5
What is the ten thousands digit of 255539?
5
What is the ten thousands digit of 172704?
7
What is the units digit of 209382?
2
What is the tens digit of 1832835?
3
What is the thousands digit of 6044868?
4
What is the hundred thousands digit of 2829193?
8
What is the hundreds digit of 262184?
1
What is the units digit of 538918?
8
What is the tens digit of 24430?
3
What is the hundreds digit of 22939018?
0
What is the thousands digit of 17533090?
3
What is the tens digit of 13464839?
3
What is the ten thousands digit of 4107307?
0
What is the thousands digit of 608300?
8
What is the hundreds digit of 10585296?
2
What is the hundred thousands digit of 7624604?
6
What is the millions digit of 2060840?
2
What is the tens digit of 133202?
0
What is the ten thousands digit of 4004182?
0
What is the units digit of 27803900?
0
What is the hundred thousands digit of 784423?
7
What is the hundred thousands digit of 1565857?
5
What is the hundred thousands digit of 268474?
2
What is the hundred thousands digit of 1555940?
5
What is the thousands digit of 277606?
7
What is the ten thousands digit of 21894303?
9
What is the hundred thousands digit of 1391518?
3
What is the ten thousands digit of 16498000?
9
What is the ten thousands digit of 695791?
9
What is the units digit of 6290595?
5
What is the thousands digit of 602041?
2
What is the hundreds digit of 33052?
0
What is the units digit of 5427342?
2
What is the hundred thousands digit of 542539?
5
What is the thousands digit of 8336188?
6
What is the units digit of 549569?
9
What is the ten thousands digit of 674066?
7
What is the hundreds digit of 24853?
8
What is the hundred thousands digit of 20062893?
0
What is the hundreds digit of 5789391?
3
What is the tens digit of 4874757?
5
What is the tens digit of 215384?
8
What is the hundred thousands digit of 138226?
1
What is the hundreds digit of 24232052?
0
What is the tens digit of 51202?
0
What is the tens digit of 2267074?
7
What is the thousands digit of 1697048?
7
What is the units digit of 14242995?
5
What is the hundred thousands digit of 972231?
9
What is the units digit of 1752278?
8
What is the hundred thousands digit of 175350?
1
What is the units digit of 13823716?
6
What is the ten thousands digit of 22242?
2
What is the tens digit of 794642?
4
What is the hundreds digit of 787267?
2
What is the millions digit of 12136106?
2
What is the hundred thousands digit of 191907?
1
What is the hundreds digit of 6627716?
7
What is the ten thousands digit of 621192?
2
What is the hundred thousands digit of 196176?
1
What is the units digit of 65044?
4
What is the hundreds digit of 587838?
8
What is the ten millions digit of 18592894?
1
What is the hundreds digit of 204483?
4
What is the tens digit of 148344?
4
What is the units digit of 9488725?
5
What is the thousands digit of 145360?
5
What is the thousands digit of 948458?
8
What is the hundred thousands digit of 885759?
8
What is the tens digit of 8336070?
7
What is the hundreds digit of 151325?
3
What is the thousands digit of 77007?
7
What is the thousands digit of 492613?
2
What is the tens digit of 7425400?
0
What is the units digit of 669351?
1
What is the tens digit of 388131?
3
What is the hundred thousands digit of 2435536?
4
What is the units digit of 2592829?
9
What is the hundreds digit of 3679968?
9
What is the ten thousands digit of 311374?
1
What is the units digit of 2305030?
0
What is the millions digit of 9847635?
9
What is the units digit of 352652?
2
What is the thousands digit of 2487739?
7
What is the ten thousands digit of 791150?
9
What is the units digit of 118342?
2
What is the tens digit of 5011143?
4
What is the tens digit of 128928?
2
What is the hundreds digit of 16391818?
8
What is the hundreds digit of 15980?
9
What is the units digit of 10850880?
0
What is the units digit of 2107771?
1
What is the tens digit of 173110?
1
What is the units digit of 871305?
5
What is the ten thousands digit of 273850?
7
What is the ten thousands digit of 126202?
2
What is the millions digit of 15216619?
5
What is the hundreds digit of 4714942?
9
What is the units digit of 14316684?
4
What is the ten thousands digit of 26147902?
4
What is the ten millions digit of 10874763?
1
What is the ten millions digit of 14051349?
1
What is the hundred thousands digit of 1135793?
1
What is the tens digit of 12682253?
5
What is the millions digit of 1682716?
1
What is the thousands digit of 88709?
8
What is the hundreds digit of 5429768?
7
What is the units digit of 258893?
3
What is the units digit of 177740?
0
What is the hundreds digit of 8949939?
9
What is the thousands digit of 120025?
0
What is the hundred thousands digit of 4061181?
0
What is the tens digit of 602984?
8
What is the units digit of 369585?
5
What is the ten thousands digit of 16026700?
2
What is the ten thousands digit of 2668397?
6
What is the ten thousands digit of 2722160?
2
What is the thousands digit of 7143319?
3
What is the units digit of 6967233?
3
What is the ten thousands digit of 3676396?
7
What is the millions digit of 4184138?
4
What is the tens digit of 11290?
9
What is the hundred thousands digit of 852407?
8
What is the thousands digit of 884493?
4
What is the ten thousands digit of 175940?
7
What is the thousands digit of 379124?
9
What is the hundred thousands digit of 836029?
8
What is the units digit of 3229244?
4
What is the hundreds digit of 3460714?
7
What is the hundred thousands digit of 206652?
2
What is the thousands digit of 28003426?
3
What is the ten thousands digit of 1533072?
3
What is the millions digit of 1253819?
1
What is the hundred thousands digit of 578943?
5
What is the hundreds digit of 540365?
3
What is the hundred thousands digit of 22395394?
3
What is the tens digit of 9967710?
1
What is the thousands digit of 30694?
0
What is the ten thousands digit of 30566306?
6
What is the hundreds digit of 3448231?
2
What is the millions digit of 2896487?
2
What is the hundred thousands digit of 616773?
6
What is the thousands digit of 199716?
9
What is the hundred thousands digit of 9426070?
4
What is the hundreds digit of 487722?
7
What is the hundred thousands digit of 147777?
1
What is the thousands digit of 17530208?
0
What is the hundreds digit of 654297?
2
What is the tens digit of 5176088?
8
What is the ten thousands digit of 6155913?
5
What is the millions digit of 2196835?
2
What is the tens digit of 83803?
0
What is the ten thousands digit of 1683664?
8
What is the hundred thousands digit of 12098446?
0
What is the ten thousands digit of 696760?
9
What is the thousands digit of 2809468?
9
What is the hundreds digit of 1970673?
6
What is the tens digit of 1846867?
6
What is the tens digit of 11005672?
7
What is the thousands digit of 1401773?
1
What is the ten thousands digit of 16427736?
2
What is the thousands digit of 1771011?
1
What is the ten millions digit of 11297888?
1
What is the hundreds digit of 868107?
1
What i